- 5, -x*s + 0*o - 2*o + 13 = 0. Suppose -s*y + 0*y = -30. What is the tens digit of y?
1
Let n(r) = 3*r**2 + 7*r + 116. What is the units digit of n(20)?
6
Let o = -13 + 17. Suppose -5*p + 11 = -o, -d = -5*p + 15. What is the tens digit of (52 + -1)*(1 - d)?
5
Let f be 144/28 - (-1)/(-7). Suppose 3*k - f*h = -3, 2*k + 0 - 5 = h. What is the units digit of k?
4
Suppose 132*k - 5824 = 118*k. What is the tens digit of k?
1
Let f(s) be the second derivative of 61*s**4/12 - 11*s. What is the tens digit of f(1)?
6
Let y(x) be the second derivative of -x**5/20 - x**4/4 - 7*x**3/6 - 4*x**2 + 2*x. Suppose 26*q + 40 = 16*q. What is the units digit of y(q)?
6
Suppose -2 = 4*w - 5*w. Suppose -4*d = -2*g + 7*g - 5, 5*d + w*g = 19. Suppose -3*y + 168 - 49 = -4*b, 0 = -4*y + d*b + 159. What is the units digit of y?
1
Let l = 830 - -721. What is the tens digit of l?
5
Let h = 1682 - 870. What is the tens digit of (-168)/(-35) + -5 - h/(-10)?
8
Let p(v) = -15*v - 6. Suppose -6*f - 8 = 4. What is the units digit of p(f)?
4
Let w(n) = -25*n**2 + 8*n - 43. Let g be w(11). What is the units digit of -3 + ((-3)/2)/(30/g)?
6
Suppose 125 = -5*t - 7*w + 2*w, 0 = t + 3*w + 21. Let r = 29 + t. What is the units digit of r?
2
Suppose 3*m = 4 + 11. Suppose 10 = -w + m*y, 3*y - 6 = -4*w + 2*w. Suppose w = -2*o - 2*o + 24. What is the units digit of o?
6
Let k(y) = -30*y - 9. Let p be k(-5). Suppose 0 = -3*b - 5*r + p, 0*r + 4*r = -b + 40. Let h = b - 12. What is the units digit of h?
0
Let f be 1/(-1)*(-32 - -8). Let v = f - 68. What is the tens digit of v/(-4)*4/2?
2
Let q(u) = -u**2 - 14*u + 8. Let p be 2 - (-26 + (-20)/5). Suppose -4*i - 37 = -o + 15, -2*i + 2*o = p. What is the tens digit of q(i)?
3
Suppose 0 = -3*f + 4*r - 20, -f - 5 = 3*r - 20. Suppose f = l + 4*l - 40. Suppose l = -2*x + 24. What is the units digit of x?
8
Let j = 979 + -290. What is the hundreds digit of j?
6
Suppose 81*g = 147995 + 15868. What is the units digit of g?
3
Let k = -69 + 556. What is the tens digit of k?
8
Let l = 5004 + -3493. What is the hundreds digit of l?
5
Let g = -16 - -1. Let n(l) = -5*l + 11. What is the units digit of n(g)?
6
Let b(n) = 18*n**2 + 98*n - 49. What is the thousands digit of b(-15)?
2
Suppose 1260 = -106*q + 116*q. What is the hundreds digit of q?
1
Suppose -3*r = -r - 4. Suppose r + 4 = -3*l. What is the units digit of (-2)/((-16)/(-10) + l)?
5
Let p = -11 + 11. Let b = p - -21. Suppose -w + 3*v + b = -18, w + 2*v = 19. What is the units digit of w?
7
Let v = -478 + 860. What is the tens digit of v?
8
What is the tens digit of (-932)/(-16) + 51/68?
5
Suppose s - 8 = -3*s, 0 = 2*i - s - 112. Let v = i - -42. What is the tens digit of v?
9
Let q = 1226 + -456. Suppose -10*s + q = -1400. What is the units digit of s?
7
Let y be (-44)/(-55) - 298/10. Let f = 51 + y. What is the units digit of f?
2
Let p be (740/15)/((-4)/(-18)). Suppose -4*s - h - 2*h + 282 = 0, 3*s - 3*h = p. What is the tens digit of s?
7
Suppose -31*l = -33*l - 3*g + 5009, 4*l = -5*g + 10013. What is the thousands digit of l?
2
Let x = 3 - 81. Let n = -45 - x. What is the tens digit of n?
3
Let a(x) = 9*x**2 + 6*x - 29. What is the tens digit of a(-10)?
1
Suppose 128 = 3*f + 11. Let t = f + -3. What is the tens digit of t?
3
Let o(c) = -11 - 6*c - 5*c + 17*c. What is the tens digit of o(6)?
2
Let s(o) = -4*o**3 - 8*o**2 + 2*o. Let j be s(-4). Suppose 4*q + 2 = -6, -q - j = -g. What is the units digit of g?
8
Let q = -15 - -23. Suppose 2*u + 54 = q*u. Suppose u*s = 11*s - 86. What is the tens digit of s?
4
Let r = 8 + -7. Suppose 0 = -v - r. Let j = 4 - v. What is the units digit of j?
5
Suppose 2*p = 2*d + 90, -2*p + 4*p = 4*d + 84. Suppose 0 = 5*y - p - 47. Suppose -v = -y + 5. What is the tens digit of v?
1
Let d = -13 + 8. Let s = 12 + d. What is the units digit of s?
7
Suppose 0 = -0*z + z + 5*r - 9, -z - 3*r + 7 = 0. Let j(p) = p**3 + 4*p**2 - 3*p + 2. Let g be j(-4). Suppose g + 2 = z*y. What is the units digit of y?
4
Let t be (-10)/(-40) - (-78)/8. Suppose -d = 8 - t. What is the units digit of (-128)/(d*-2) + 3?
5
Suppose 74 - 474 = -5*t. Suppose -5*s + 1170 = t. What is the units digit of s?
8
Let l = -465 + 1441. What is the units digit of l?
6
Let s(p) = p + 9. Let r be s(-4). Let b(l) = -3 + 5*l + 4 - 2 + r. What is the tens digit of b(3)?
1
Let d = 10 - 20. Let p = 4 + d. Let g = p + 13. What is the units digit of g?
7
Let l(i) = 2*i**2 - 12*i - 12. Let x be l(14). Let v = x - 141. What is the units digit of v?
1
Let m(x) = -x**2 - 2*x + 2. Let q be m(4). Let i = 26 - q. Let l = i + -25. What is the units digit of l?
3
Suppose 0*m + 8 = -m - 4*p, -5 = -2*m - p. What is the units digit of 458/m - 48/(-32)?
6
Let p = 114 + -191. Let w = p + 92. What is the units digit of w?
5
Let w(o) = -o**2 + o - 1. Let g be w(4). Let k = 25 + g. Suppose k*j - 17*j + 5 = 0. What is the units digit of j?
1
Let h = 1363 - 787. What is the units digit of h?
6
Let i = 26 + -27. Let c(r) = -r**2 - r. Let j(b) = 6*b**2 + 24*b + 13. Let z(w) = i*j(w) - 5*c(w). What is the units digit of z(-13)?
5
Suppose 0 = -h + 1290 + 339. What is the thousands digit of h?
1
Let j be (28/(-6))/((-84)/(-18) + -4). Let y(k) = 2*k**2 + 5*k + 28. What is the tens digit of y(j)?
9
Let d(y) = 2*y**2 + 5*y + 16. Let b be ((-54)/(-18))/((-6)/16). What is the units digit of d(b)?
4
Let k(j) = -19*j - 1. Let b be k(-1). Suppose s = 2*o - 0*s - 7, 13 = 5*o - 4*s. Suppose 7*g + 20 = 2*g, o*g = -2*x + b. What is the units digit of x?
9
Suppose 3*g - a - 19 = -2*g, 5*g = -4*a - 1. Let t be g/(9/33) + 1. What is the units digit of (-14)/(-4) - (-6)/t?
4
Let t be ((-30)/24)/(1/4). Let v(s) = -13*s - 17. Let g be v(t). Let j = -31 + g. What is the units digit of j?
7
Suppose 9412 = -8*o + 26612. What is the hundreds digit of o?
1
Let h = -13 + 10. Let g(u) = 5*u + 7. Let j be g(h). What is the units digit of j/(-6)*(-378)/(-12)?
2
Let i = -36 - -29. Let l(u) = 3*u + 24. What is the units digit of l(i)?
3
Let p(u) = -u**3 + 8*u**2 + 4*u + 4. Let l(i) = -i**3 - i**2 - 3*i - 2. Let f be l(-2). Let w be p(f). What is the units digit of (-2 + 5/2)*w?
8
Let d(w) = -26*w + 55. Let v be d(-9). Suppose 0 = -3*t - l + v, -2*t + 3*l + 263 = 52. What is the units digit of t?
8
Let l(k) = 2*k**2 + 2*k + 1. Let t = -48 + 68. Let u = t + -16. What is the tens digit of l(u)?
4
Suppose -3*h - 3*l + 293 = -3154, -5*h - 2*l = -5748. What is the units digit of h?
0
Suppose s + 4*f = 33 + 126, s - 156 = -5*f. What is the hundreds digit of s?
1
Suppose n = 4*g + 404, -4*n + 5*g + 1660 = -0*g. Suppose 0 = m + 3*m - n. Suppose -f = -4*f + m. What is the tens digit of f?
3
Suppose 5*g - 20 = -5*r, 4*g + 1 = -r + 2. Suppose 3*n - 424 = -r*n. What is the tens digit of n?
5
Let a(g) = -3*g**3 - g**2 + 18*g + 9. What is the units digit of a(-6)?
3
Let y(q) = 224*q - 573. What is the units digit of y(16)?
1
Suppose c + 4 = 7. Let k(l) = 3*l**2 - 10*l + 7. Let n be k(6). Suppose -5*b = -h + n, c*h - 70 = -5*b + 15. What is the units digit of h?
5
Suppose 5*c = -200 - 110. Let i = 41 + c. What is the tens digit of (-213)/(-9) - (-14)/i?
2
Suppose 4*h = 5*b - b - 4556, 5*h = b - 1147. What is the tens digit of b?
3
Let l(p) = -p**3 - 16*p**2 + 35*p - 30. What is the units digit of l(-19)?
8
Let o(m) = 19*m - 47. Suppose -4*h - 14 = -2*f, 0 = 3*f - 2*f + h - 7. What is the tens digit of o(f)?
8
Let i(h) = h**2 + 2*h. Let y be i(-2). Suppose y = -10*j + 4*j + 648. What is the units digit of j?
8
Suppose 0 = 4*l + 5*c - 7730, -c - 1345 = -l + 583. What is the thousands digit of l?
1
Let s be (-2)/24*-3 - 196/16. What is the hundreds digit of 3*-1*(3 - (-452)/s)?
1
What is the tens digit of (-12)/(-12) - -1*90?
9
Let f(k) = -7*k - 20 - 41*k**2 - 4*k + 45*k**2. What is the units digit of f(8)?
8
Let m be (-14)/(-4)*(-24)/(-21). Suppose -6*j = -m*j - 54. What is the tens digit of j?
2
Suppose -6 - 7 = -3*x - z, z = -x + 3. Let s(k) = 2*k - 8. Let f(c) = 4*c - 17. Let v(p) = -3*f(p) + 7*s(p). What is the units digit of v(x)?
5
Let w(z) = 125*z**2 + 1. Let p = -68 - -69. What is the tens digit of w(p)?
2
Let s = -184 - -496. What is the units digit of s?
2
Let r = 11 - 7. Suppose 4*y + 2*d = -88, -5*d = -4*d + r. What is the tens digit of -3 - (-5)/(y/(-72))?
1
Let f(d) =